{"id":53,"date":"2022-01-20T11:22:36","date_gmt":"2022-01-20T11:22:36","guid":{"rendered":"https:\/\/guatemalacoffee.it\/?page_id=53"},"modified":"2023-03-02T08:50:25","modified_gmt":"2023-03-02T08:50:25","slug":"chi-siamo","status":"publish","type":"page","link":"https:\/\/guatemalacoffee.it\/index.php\/chi-siamo\/","title":{"rendered":"Chi siamo"},"content":{"rendered":"\n  <div class=\"banner has-hover\" id=\"banner-1081164318\">\n          <div class=\"banner-inner fill\">\n        <div class=\"banner-bg fill\" >\n            <div class=\"bg fill bg-fill \"><\/div>\n                                    \n                    <\/div>\n        <div class=\"banner-layers container\">\n            <div class=\"fill banner-link\"><\/div>            \n\n   <div id=\"text-box-1457536480\" class=\"text-box banner-layer x50 md-x50 lg-x50 y50 md-y50 lg-y50 res-text\">\n                     <div data-animate=\"flipInY\">           <div class=\"text-box-content text dark\">\n              \n              <div class=\"text-inner text-center\">\n                  \n\n<h1 class=\"h-large uppercase\"><strong><span style=\"font-size: 180%;\">CHI SIAMO<\/span><\/strong><\/h1>\n\n              <\/div>\n           <\/div>\n       <\/div>                     \n<style>\n#text-box-1457536480 {\n  width: 67%;\n}\n#text-box-1457536480 .text-box-content {\n  font-size: 100%;\n}\n<\/style>\n    <\/div>\n \n\n        <\/div>\n      <\/div>\n\n            \n<style>\n#banner-1081164318 {\n  padding-top: 450px;\n}\n#banner-1081164318 .bg.bg-loaded {\n  background-image: url(https:\/\/guatemalacoffee.it\/wp-content\/uploads\/2022\/01\/chi-siamo-1-1536x640-1-1024x427.jpg);\n}\n@media (min-width:550px) {\n  #banner-1081164318 {\n    padding-top: 500px;\n  }\n}\n<\/style>\n  <\/div>\n\n\n\t<section class=\"section\" id=\"section_1769507830\">\n\t\t<div class=\"bg section-bg fill bg-fill  bg-loaded\" >\n\n\t\t\t\n\t\t\t\n\t\t\t\n\n\t\t<\/div>\n\n\t\t<div class=\"section-content relative\">\n\t\t\t\n\n<div class=\"row\"  id=\"row-649903144\">\n\n\n\t<div id=\"col-105124186\" class=\"col medium-7 small-12 large-7\"  >\n\t\t\t\t<div class=\"col-inner\"  >\n\t\t\t\n\t\t\t\n\n<p>Parte della famiglia Cozzarelli si trasfer\u00ec in Guatemala agli inizi del secolo \u2018900 e in breve tempo crea, gi\u00e0 nel 1907, la \u201cCasa Cozzarelli\u201d, una brillante impresa specializzata nella vendita all\u2019ingrosso di tessuti di lana e cappelli e a investire i loro proventi nel redditizio settore del caff\u00e8.<\/p>\n<p>In Italia Pasquale Cozzarelli, negli anni Trenta del \u2018900, diventa consigliere del Fascio di Citt\u00e0 di Guatemala e della Societ\u00e0 Italiana di Beneficenza di Citt\u00e0 di Guatemala e, con l\u2019aiuto dei suoi fratelli Tigellino, Antonio e Settimio, abili commercianti, fonda la ditta Guatemala Coffee.<\/p>\n<p>Per quindici anni la societ\u00e0 diventer\u00e0 leader nell\u2019importazione di caff\u00e8 verde crudo guatemalteco in Salerno e provincia, un primato conteso con il barone Francesco Matarazzo-Bellelli, a capo di una potente holding industriale italo-brasiliana.<\/p>\n<p>La famiglia Cozzarelli, in virt\u00f9 di tale fortuna economica, negli anni Venti riusc\u00ec ad acquistare nel capoluogo salernitano il piano nobile e quello terraneo del liberty Palazzo Edilizia dove si ubicavano gli ambienti per il deposito, la tostatura artigianale del caff\u00e8 e un negozio di coloniali.<\/p>\n<p>La prosperit\u00e0 economica della famiglia Cozzarelli ebbe un brusco arresto a causa della Grande Crisi del\u201929, con l\u2019avvento della dittatura militare di Giorgio Urbico in Guatemala nel 1931 e con il drammatico insorgere della Seconda Guerra Mondiale. La famiglia Di Masi, imparentatasi nel frattempo con i Cozzarelli rileva l\u2019attivit\u00e0 di torrefazione Guatemala Coffee di Salerno.<\/p>\n\n\t\t<\/div>\n\t\t\t\t\t<\/div>\n\n\t\n\n\t<div id=\"col-668267809\" class=\"col medium-5 small-12 large-5\"  >\n\t\t\t\t<div class=\"col-inner\"  >\n\t\t\t\n\t\t\t\n\n\n  <div class=\"banner has-hover\" id=\"banner-1342276437\">\n          <div class=\"banner-inner fill\">\n        <div class=\"banner-bg fill\" >\n            <div class=\"bg fill bg-fill \"><\/div>\n                                    \n                    <\/div>\n        <div class=\"banner-layers container\">\n            <div class=\"fill banner-link\"><\/div>            \n\n\n        <\/div>\n      <\/div>\n\n            \n<style>\n#banner-1342276437 {\n  padding-top: 500px;\n}\n#banner-1342276437 .bg.bg-loaded {\n  background-image: url(https:\/\/guatemalacoffee.it\/wp-content\/uploads\/2022\/01\/nathan-dumlao-Y3AqmbmtLQI-unsplash-683x1024.jpg);\n}\n<\/style>\n  <\/div>\n\n\n\n\t\t<\/div>\n\t\t\t\t\n<style>\n#col-668267809 > .col-inner {\n  padding: 50px 0px 0px 0px;\n}\n<\/style>\n\t<\/div>\n\n\t\n\n<\/div>\n\n\t\t<\/div>\n\n\t\t\n<style>\n#section_1769507830 {\n  padding-top: 30px;\n  padding-bottom: 30px;\n}\n<\/style>\n\t<\/section>\n\t\n\t<section class=\"section\" id=\"section_100677028\">\n\t\t<div class=\"bg section-bg fill bg-fill  bg-loaded\" >\n\n\t\t\t\n\t\t\t<div class=\"section-bg-overlay absolute fill\"><\/div>\n\t\t\t\n\n\t\t<\/div>\n\n\t\t<div class=\"section-content relative\">\n\t\t\t\n\n<div class=\"row\"  id=\"row-899664891\">\n\n\n\t<div id=\"col-2027098282\" class=\"col medium-4 small-12 large-4\"  >\n\t\t\t\t<div class=\"col-inner\"  >\n\t\t\t\n\t\t\t\n\n<div class=\"container section-title-container\" ><h2 class=\"section-title section-title-bold-center\"><b><\/b><span class=\"section-title-main\" style=\"font-size:160%;color:rgb(138, 123, 123);\">1920<\/span><b><\/b><\/h2><\/div>\n\n\t<div id=\"text-3891281496\" class=\"text\">\n\t\t\n\n<p>La famiglia Cozzarelli, avvia l\u2019attivit\u00e0 di importazione di caff\u00e8 crudo dai paesi centroamericani, in particolare dal Guatemala, che sin dal 1890 era il primo paese-esportatore al mondo di caff\u00e9 crudo (circa 7.000 tonnellate all\u2019anno).<\/p>\n\t\t\n<style>\n#text-3891281496 {\n  text-align: center;\n}\n<\/style>\n\t<\/div>\n\t\n\n\t\t<\/div>\n\t\t\t\t\t<\/div>\n\n\t\n\n\t<div id=\"col-2084892657\" class=\"col medium-4 small-12 large-4\"  >\n\t\t\t\t<div class=\"col-inner\"  >\n\t\t\t\n\t\t\t\n\n<div class=\"container section-title-container\" ><h2 class=\"section-title section-title-bold-center\"><b><\/b><span class=\"section-title-main\" style=\"font-size:160%;color:rgb(138, 123, 123);\">1930<\/span><b><\/b><\/h2><\/div>\n\n\t<div id=\"text-1424028812\" class=\"text\">\n\t\t\n\n<p>\nNel Palazzo Edilizia di Salerno avevano sede i magazzini e il negozio di coloniali, attivo fino alla seconda guerra mondiale.<br>\nLe famiglia Cozzarelli e la famiglia di Masi si imparentano.<\/p>\n\t\t\n<style>\n#text-1424028812 {\n  text-align: center;\n}\n<\/style>\n\t<\/div>\n\t\n\n\t\t<\/div>\n\t\t\t\t\t<\/div>\n\n\t\n\n\t<div id=\"col-1409596966\" class=\"col medium-4 small-12 large-4\"  >\n\t\t\t\t<div class=\"col-inner\"  >\n\t\t\t\n\t\t\t\n\n<div class=\"container section-title-container\" ><h2 class=\"section-title section-title-bold-center\"><b><\/b><span class=\"section-title-main\" style=\"font-size:160%;color:rgb(138, 123, 123);\">1950<\/span><b><\/b><\/h2><\/div>\n\n\t<div id=\"text-1097526516\" class=\"text\">\n\t\t\n\n<p>Nonno Giuseppe Di Masi rileva l\u2019attivit\u00e0 avviando una piccola torrefazione.<\/p>\n\t\t\n<style>\n#text-1097526516 {\n  text-align: center;\n}\n<\/style>\n\t<\/div>\n\t\n\n\t\t<\/div>\n\t\t\t\t\t<\/div>\n\n\t\n\n<\/div>\n\n\t\t<\/div>\n\n\t\t\n<style>\n#section_100677028 {\n  padding-top: 30px;\n  padding-bottom: 30px;\n  background-color: rgba(164, 143, 122, 0.372);\n}\n#section_100677028 .section-bg-overlay {\n  background-color: rgba(255,255,255,.5);\n}\n<\/style>\n\t<\/section>\n\t\n\t<section class=\"section\" id=\"section_1528211266\">\n\t\t<div class=\"bg section-bg fill bg-fill  bg-loaded\" >\n\n\t\t\t\n\t\t\t<div class=\"section-bg-overlay absolute fill\"><\/div>\n\t\t\t\n\n\t\t<\/div>\n\n\t\t<div class=\"section-content relative\">\n\t\t\t\n\n<div class=\"row\"  id=\"row-74759536\">\n\n\n\t<div id=\"col-1808408160\" class=\"col medium-4 small-12 large-4\"  >\n\t\t\t\t<div class=\"col-inner\"  >\n\t\t\t\n\t\t\t\n\n<div class=\"container section-title-container\" ><h2 class=\"section-title section-title-bold-center\"><b><\/b><span class=\"section-title-main\" style=\"font-size:160%;color:rgb(138, 123, 123);\">1967-68<\/span><b><\/b><\/h2><\/div>\n\n\t<div id=\"text-1627140748\" class=\"text\">\n\t\t\n\n<p>\nInizio attivit\u00e0 industriale a Mariconda dei fratelli Manlio e Raffaele Di Masi..<\/p>\n\t\t\n<style>\n#text-1627140748 {\n  text-align: center;\n}\n<\/style>\n\t<\/div>\n\t\n\n\t\t<\/div>\n\t\t\t\t\t<\/div>\n\n\t\n\n\t<div id=\"col-1476359623\" class=\"col medium-4 small-12 large-4\"  >\n\t\t\t\t<div class=\"col-inner\"  >\n\t\t\t\n\t\t\t\n\n<div class=\"container section-title-container\" ><h2 class=\"section-title section-title-bold-center\"><b><\/b><span class=\"section-title-main\" style=\"font-size:160%;color:rgb(138, 123, 123);\">1974<\/span><b><\/b><\/h2><\/div>\n\n\t<div id=\"text-1533714425\" class=\"text\">\n\t\t\n\n<p>\nGuatemala Coffee si trasferisce a Torrione, nella zona orientale di Salerno.<\/p>\n\t\t\n<style>\n#text-1533714425 {\n  text-align: center;\n}\n<\/style>\n\t<\/div>\n\t\n\n\t\t<\/div>\n\t\t\t\t\t<\/div>\n\n\t\n\n\t<div id=\"col-241891697\" class=\"col medium-4 small-12 large-4\"  >\n\t\t\t\t<div class=\"col-inner\"  >\n\t\t\t\n\t\t\t\n\n<div class=\"container section-title-container\" ><h2 class=\"section-title section-title-bold-center\"><b><\/b><span class=\"section-title-main\" style=\"font-size:160%;color:rgb(138, 123, 123);\">2007<\/span><b><\/b><\/h2><\/div>\n\n\t<div id=\"text-827928111\" class=\"text\">\n\t\t\n\n<p>&nbsp;I figli di Manlio Di Masi (Carmela, Raffaele, Cristina e Vincenzo) assieme alla madre inaugurano il nuovo stabilimento nella zona industriale di Salerno.<\/p>\n\t\t\n<style>\n#text-827928111 {\n  text-align: center;\n}\n<\/style>\n\t<\/div>\n\t\n\n\t\t<\/div>\n\t\t\t\t\t<\/div>\n\n\t\n\n<\/div>\n<div class=\"is-divider divider clearfix\" style=\"height:50px;\"><\/div>\n\n<div class=\"row\"  id=\"row-306367352\">\n\n\n\t<div id=\"col-1918785796\" class=\"col medium-6 small-12 large-6\"  >\n\t\t\t\t<div class=\"col-inner\"  >\n\t\t\t\n\t\t\t\n\n\t<div class=\"img has-hover x md-x lg-x y md-y lg-y\" id=\"image_1067767478\">\n\t\t\t\t\t\t\t\t<div class=\"img-inner dark\" >\n\t\t\t<img loading=\"lazy\" decoding=\"async\" width=\"745\" height=\"495\" src=\"https:\/\/guatemalacoffee.it\/wp-content\/uploads\/2023\/03\/il-caffe_NG2.jpg\" class=\"attachment-large size-large\" alt=\"\" srcset=\"https:\/\/guatemalacoffee.it\/wp-content\/uploads\/2023\/03\/il-caffe_NG2.jpg 745w, https:\/\/guatemalacoffee.it\/wp-content\/uploads\/2023\/03\/il-caffe_NG2-300x199.jpg 300w, https:\/\/guatemalacoffee.it\/wp-content\/uploads\/2023\/03\/il-caffe_NG2-600x399.jpg 600w\" sizes=\"(max-width: 745px) 100vw, 745px\" \/>\t\t\t\t\t\t\n\t\t\t\t\t<\/div>\n\t\t\t\t\t\t\t\t\n<style>\n#image_1067767478 {\n  width: 100%;\n}\n<\/style>\n\t<\/div>\n\t\n\n\n\t\t<\/div>\n\t\t\t\t\t<\/div>\n\n\t\n\n\t<div id=\"col-1739402408\" class=\"col medium-6 small-12 large-6\"  >\n\t\t\t\t<div class=\"col-inner\"  >\n\t\t\t\n\t\t\t\n\n<h3 style=\"text-align: right;\">Salvaguardiamo L&#8217;Ambiente<\/h3>\n<p style=\"text-align: right;\">La nostra azienda, attraverso l&#8217;autoproduzione di energia e altre misure,\u00a0contribuisce attivamente all&#8217;abbattimento delle emissioni di C02 in atmosfera. Attualmente riusciamo a evitare di emettere direttamente o indirettamente CO2 fino a\u00a016,6 tonnellate all&#8217;anno ma \u00e8 allo studio un ulteriore progetto teso a triplicare l&#8217;attuale abbattimento di CO2 in modo da avvicinare l&#8217;azienda all&#8217;obbiettivo emissione zero<\/p>\n\n\n\t\t<\/div>\n\t\t\t\t\t<\/div>\n\n\t\n\n<\/div>\n\n\t\t<\/div>\n\n\t\t\n<style>\n#section_1528211266 {\n  padding-top: 30px;\n  padding-bottom: 30px;\n}\n#section_1528211266 .section-bg-overlay {\n  background-color: rgba(255,255,255,.5);\n}\n<\/style>\n\t<\/section>\n\t","protected":false},"excerpt":{"rendered":"","protected":false},"author":2,"featured_media":0,"parent":0,"menu_order":0,"comment_status":"closed","ping_status":"closed","template":"page-blank.php","meta":{"footnotes":""},"class_list":["post-53","page","type-page","status-publish","hentry"],"_links":{"self":[{"href":"https:\/\/guatemalacoffee.it\/index.php\/wp-json\/wp\/v2\/pages\/53"}],"collection":[{"href":"https:\/\/guatemalacoffee.it\/index.php\/wp-json\/wp\/v2\/pages"}],"about":[{"href":"https:\/\/guatemalacoffee.it\/index.php\/wp-json\/wp\/v2\/types\/page"}],"author":[{"embeddable":true,"href":"https:\/\/guatemalacoffee.it\/index.php\/wp-json\/wp\/v2\/users\/2"}],"replies":[{"embeddable":true,"href":"https:\/\/guatemalacoffee.it\/index.php\/wp-json\/wp\/v2\/comments?post=53"}],"version-history":[{"count":15,"href":"https:\/\/guatemalacoffee.it\/index.php\/wp-json\/wp\/v2\/pages\/53\/revisions"}],"predecessor-version":[{"id":300,"href":"https:\/\/guatemalacoffee.it\/index.php\/wp-json\/wp\/v2\/pages\/53\/revisions\/300"}],"wp:attachment":[{"href":"https:\/\/guatemalacoffee.it\/index.php\/wp-json\/wp\/v2\/media?parent=53"}],"curies":[{"name":"wp","href":"https:\/\/api.w.org\/{rel}","templated":true}]}}