{"id":64,"date":"2022-01-20T12:29:15","date_gmt":"2022-01-20T12:29:15","guid":{"rendered":"https:\/\/guatemalacoffee.it\/?page_id=64"},"modified":"2023-03-02T08:50:39","modified_gmt":"2023-03-02T08:50:39","slug":"linea-bar","status":"publish","type":"page","link":"https:\/\/guatemalacoffee.it\/index.php\/linea-bar\/","title":{"rendered":"Linea Bar"},"content":{"rendered":"\n  <div class=\"banner has-hover has-parallax\" id=\"banner-179705940\">\n          <div class=\"banner-inner fill\">\n        <div class=\"banner-bg fill\" data-parallax=\"-6\" data-parallax-container=\".banner\" data-parallax-background>\n            <div class=\"bg fill bg-fill \"><\/div>\n                                    \n                    <\/div>\n        <div class=\"banner-layers container\">\n            <div class=\"fill banner-link\"><\/div>            \n   <div id=\"text-box-2144156880\" class=\"text-box banner-layer x50 md-x50 lg-x50 y50 md-y50 lg-y50 res-text\">\n                     <div data-animate=\"flipInY\">           <div class=\"text-box-content text dark\">\n              \n              <div class=\"text-inner text-center\">\n                  \n<h1 class=\"h-large uppercase\"><strong><span style=\"font-size: 180%;\">LINEA BAR<\/span><\/strong><\/h1>\n              <\/div>\n           <\/div>\n       <\/div>                     \n<style>\n#text-box-2144156880 {\n  width: 67%;\n}\n#text-box-2144156880 .text-box-content {\n  font-size: 100%;\n}\n<\/style>\n    <\/div>\n \n        <\/div>\n      <\/div>\n\n            \n<style>\n#banner-179705940 {\n  padding-top: 450px;\n}\n#banner-179705940 .bg.bg-loaded {\n  background-image: url(https:\/\/guatemalacoffee.it\/wp-content\/uploads\/2022\/01\/house_parallax-1024x714.jpg);\n}\n@media (min-width:550px) {\n  #banner-179705940 {\n    padding-top: 500px;\n  }\n}\n<\/style>\n  <\/div>\n\n\n\t<section class=\"section\" id=\"section_906095163\">\n\t\t<div class=\"bg section-bg fill bg-fill  bg-loaded\" >\n\n\t\t\t\n\t\t\t\n\t\t\t\n\n\t\t<\/div>\n\n\t\t<div class=\"section-content relative\">\n\t\t\t\n<div class=\"row\"  id=\"row-849382514\">\n\n\t<div id=\"col-1075834666\" class=\"col small-12 large-12\"  >\n\t\t\t\t<div class=\"col-inner\"  >\n\t\t\t\n\t\t\t\n\t<div id=\"text-3198462968\" class=\"text\">\n\t\t\n<h2>Una selezione accurata<\/h2>\n\t\t\n<style>\n#text-3198462968 {\n  text-align: center;\n}\n<\/style>\n\t<\/div>\n\t\n\t<div id=\"text-3012527121\" class=\"text\">\n\t\t\n<p>I caff\u00e8 che compongono le nostre miscele sono scelti da selezionate piantagioni di altura del Centro e del Sud America e del Sud Africa. <\/p>\n\t\t\n<style>\n#text-3012527121 {\n  text-align: center;\n}\n<\/style>\n\t<\/div>\n\t\n\t\t<\/div>\n\t\t\t\t\n<style>\n#col-1075834666 > .col-inner {\n  padding: 0px 10px 0px 10px;\n}\n@media (min-width:550px) {\n  #col-1075834666 > .col-inner {\n    padding: 0px 100px 0px 100px;\n  }\n}\n<\/style>\n\t<\/div>\n\n\t\n<\/div>\n\t\t<\/div>\n\n\t\t\n<style>\n#section_906095163 {\n  padding-top: 60px;\n  padding-bottom: 60px;\n}\n<\/style>\n\t<\/section>\n\t\n\t<section class=\"section\" id=\"section_68800835\">\n\t\t<div class=\"bg section-bg fill bg-fill  bg-loaded\" >\n\n\t\t\t\n\t\t\t\n\t\t\t\n\n\t\t<\/div>\n\n\t\t<div class=\"section-content relative\">\n\t\t\t\n<div class=\"row\"  id=\"row-1644483325\">\n\n\t<div id=\"col-1430545786\" class=\"col medium-4 small-12 large-4\"  >\n\t\t\t\t<div class=\"col-inner\"  >\n\t\t\t\n\t\t\t\n\t<div id=\"gap-228110055\" class=\"gap-element clearfix hide-for-small\" style=\"display:block; height:auto;\">\n\t\t\n<style>\n#gap-228110055 {\n  padding-top: 75px;\n}\n<\/style>\n\t<\/div>\n\t\n<div class=\"container section-title-container\" ><h1 class=\"section-title section-title-bold\"><b><\/b><span class=\"section-title-main\" >Linea Guatemala bar<\/span><b><\/b><\/h1><\/div>\n\t\t<\/div>\n\t\t\t\t\t<\/div>\n\n\t\n\n\t<div id=\"col-261721433\" class=\"col medium-4 small-12 large-4\"  >\n\t\t\t\t<div class=\"col-inner\"  >\n\t\t\t\n\t\t\t\n\t<div class=\"box has-hover   has-hover box-text-bottom\" >\n\n\t\t<div class=\"box-image\" style=\"width:75%;\">\n\t\t\t\t\t\t<div class=\"\" >\n\t\t\t\t<img loading=\"lazy\" decoding=\"async\" width=\"152\" height=\"300\" src=\"https:\/\/guatemalacoffee.it\/wp-content\/uploads\/2024\/01\/buste-guatemala-decaffe-152x300.png\" class=\"attachment-medium size-medium\" alt=\"\" srcset=\"https:\/\/guatemalacoffee.it\/wp-content\/uploads\/2024\/01\/buste-guatemala-decaffe-152x300.png 152w, https:\/\/guatemalacoffee.it\/wp-content\/uploads\/2024\/01\/buste-guatemala-decaffe-519x1024.png 519w, https:\/\/guatemalacoffee.it\/wp-content\/uploads\/2024\/01\/buste-guatemala-decaffe-768x1515.png 768w, https:\/\/guatemalacoffee.it\/wp-content\/uploads\/2024\/01\/buste-guatemala-decaffe-779x1536.png 779w, https:\/\/guatemalacoffee.it\/wp-content\/uploads\/2024\/01\/buste-guatemala-decaffe-600x1183.png 600w, https:\/\/guatemalacoffee.it\/wp-content\/uploads\/2024\/01\/buste-guatemala-decaffe.png 1014w\" sizes=\"(max-width: 152px) 100vw, 152px\" \/>\t\t\t\t\t\t\t\t\t\t\t<\/div>\n\t\t\t\t\t<\/div>\n\n\t\t<div class=\"box-text text-center\" >\n\t\t\t<div class=\"box-text-inner\">\n\t\t\t\t\n<a class=\"button primary is-larger expand\"  >\n    <span>DECAFFE<\/span>\n  <\/a>\n\n<p>&nbsp;<\/p>\n<p style=\"text-align: center;\"><strong>Miscela di caff\u00e8 torrefatto in grani. Per coloro che non rinunciano al gusto del caff\u00e8<\/strong>.<\/p>\n<p>&nbsp;<\/p>\n<p style=\"text-align: center;\">Il primo decaffeinato in chicchi macinato al momento per garantire tutto l&#8217;aroma di un vero espresso. Spesso il gusto di un semplice decaffeinato in busta monodose non \u00e8 paragonabile a quello di un normale espresso. La nostra idea innovativa parte dalla constatazione che macinando al momento il caff\u00e8 \u00e8 possibile offrire una tazza di ottimo espresso dal gusto ricco e cremoso anche se decaffeinato. Disponibile in buste da 500 gr. e con l&#8217;eventuale macinino dedicato.<\/p>\n<h3 style=\"text-align: center;\"><strong>Tostatura<\/strong><\/h3>\n<p style=\"text-align: center;\">Mediamente scuro<\/p>\n<h3 style=\"text-align: center;\">Packaging&nbsp;<\/h3>\n<p style=\"text-align: center;\">500g<\/p>\n\t\t\t<\/div>\n\t\t<\/div>\n\t<\/div>\n\t\n\t\t<\/div>\n\t\t\t\t\t<\/div>\n\n\t\n\n\t<div id=\"col-101269806\" class=\"col medium-4 small-12 large-4\"  >\n\t\t\t\t<div class=\"col-inner\"  >\n\t\t\t\n\t\t\t\n\t<div class=\"box has-hover   has-hover box-text-bottom\" >\n\n\t\t<div class=\"box-image\" >\n\t\t\t\t\t\t<div class=\"\" >\n\t\t\t\t<img loading=\"lazy\" decoding=\"async\" width=\"800\" height=\"1147\" src=\"https:\/\/guatemalacoffee.it\/wp-content\/uploads\/2023\/07\/nazca-busta-fronte.png\" class=\"attachment-original size-original\" alt=\"\" srcset=\"https:\/\/guatemalacoffee.it\/wp-content\/uploads\/2023\/07\/nazca-busta-fronte.png 800w, https:\/\/guatemalacoffee.it\/wp-content\/uploads\/2023\/07\/nazca-busta-fronte-209x300.png 209w, https:\/\/guatemalacoffee.it\/wp-content\/uploads\/2023\/07\/nazca-busta-fronte-714x1024.png 714w, https:\/\/guatemalacoffee.it\/wp-content\/uploads\/2023\/07\/nazca-busta-fronte-768x1101.png 768w, https:\/\/guatemalacoffee.it\/wp-content\/uploads\/2023\/07\/nazca-busta-fronte-600x860.png 600w\" sizes=\"(max-width: 800px) 100vw, 800px\" \/>\t\t\t\t\t\t\t\t\t\t\t<\/div>\n\t\t\t\t\t<\/div>\n\n\t\t<div class=\"box-text text-center\" style=\"padding:10px 0px 0px 0px;\">\n\t\t\t<div class=\"box-text-inner\">\n\t\t\t\t\n<a class=\"button primary is-larger expand\"  >\n    <span>NAZCA<\/span>\n  <\/a>\n\n<p style=\"text-align: center;\"><strong>Miscela di caff\u00e8 torrefatto in grani.<\/strong><\/p>\n<p>&nbsp;<\/p>\n<p style=\"text-align: center;\">Miscela pregiata composta da finissime variet\u00e0 di caff\u00e8 arabica. Per uso professionale. Gusto delicato e armonioso, ricco di aroma con una buona cremosit\u00e0 e con una ottima resa in tazza.<br \/>Esprime tutte le sue caratteristiche organolettiche soprattutto al bar. Anche questa miscela \u00e8 ottenuta attraverso la torrefazione artigianale delle singole variet\u00e0 di caff\u00e8 presenti miscelate, successivamente, secondo un processo frutto di antiche esperienze.<\/p>\n<h3 style=\"text-align: center;\">Packaging&nbsp;<\/h3>\n<p style=\"text-align: center;\">1000g<\/p>\n\t\t\t<\/div>\n\t\t<\/div>\n\t<\/div>\n\t\n\t\t<\/div>\n\t\t\t\t\t<\/div>\n\n\t\n\n\t<div id=\"col-120041329\" class=\"col medium-4 small-12 large-4\"  >\n\t\t\t\t<div class=\"col-inner\"  >\n\t\t\t\n\t\t\t\n\t<div class=\"box has-hover   has-hover box-text-bottom\" >\n\n\t\t<div class=\"box-image\" >\n\t\t\t\t\t\t<div class=\"\" >\n\t\t\t\t<img loading=\"lazy\" decoding=\"async\" width=\"800\" height=\"1147\" src=\"https:\/\/guatemalacoffee.it\/wp-content\/uploads\/2023\/10\/maya-busta-fronte.png\" class=\"attachment- size-\" alt=\"\" srcset=\"https:\/\/guatemalacoffee.it\/wp-content\/uploads\/2023\/10\/maya-busta-fronte.png 800w, https:\/\/guatemalacoffee.it\/wp-content\/uploads\/2023\/10\/maya-busta-fronte-209x300.png 209w, https:\/\/guatemalacoffee.it\/wp-content\/uploads\/2023\/10\/maya-busta-fronte-714x1024.png 714w, https:\/\/guatemalacoffee.it\/wp-content\/uploads\/2023\/10\/maya-busta-fronte-768x1101.png 768w, https:\/\/guatemalacoffee.it\/wp-content\/uploads\/2023\/10\/maya-busta-fronte-600x860.png 600w\" sizes=\"(max-width: 800px) 100vw, 800px\" \/>\t\t\t\t\t\t\t\t\t\t\t<\/div>\n\t\t\t\t\t<\/div>\n\n\t\t<div class=\"box-text text-center\" >\n\t\t\t<div class=\"box-text-inner\">\n\t\t\t\t\n<a class=\"button primary is-larger expand\"  >\n    <span>MAYA<\/span>\n  <\/a>\n\n<p>&nbsp;<\/p>\n<p style=\"text-align: center;\"><strong>Miscela di caff\u00e8 torrefatto in grani.<\/strong><\/p>\n<p>&nbsp;<\/p>\n<p style=\"text-align: center;\">Miscela di caff\u00e8 particolarmente adatta a grossi consumi, dal gusto forte e intenso con un ottimo corpo. Particolarmente adatta a ristoranti, alberghi, comunit\u00e0 etc.. Ottimo per le prime colazioni e coffee-break pu\u00f2 essere utilizzato tranquillamente anche nella macchinetta di casa. Caff\u00e8 tipicamente italiano incontra le aspettative della nostra clientela professionale soprattutto nel settore alberghiero.<\/p>\n<h3 style=\"text-align: center;\">Packaging&nbsp;<\/h3>\n<p style=\"text-align: center;\"><em>1000g<\/em><\/p>\n\t\t\t<\/div>\n\t\t<\/div>\n\t<\/div>\n\t\n\t\t<\/div>\n\t\t\t\t\t<\/div>\n\n\t\n\n\t<div id=\"col-2040865306\" class=\"col medium-4 small-12 large-4\"  >\n\t\t\t\t<div class=\"col-inner\"  >\n\t\t\t\n\t\t\t\n\t<div class=\"box has-hover   has-hover box-text-bottom\" >\n\n\t\t<div class=\"box-image\" >\n\t\t\t\t\t\t<div class=\"\" >\n\t\t\t\t<img loading=\"lazy\" decoding=\"async\" width=\"800\" height=\"1147\" src=\"https:\/\/guatemalacoffee.it\/wp-content\/uploads\/2023\/10\/manaus-busta-fronte.png\" class=\"attachment- size-\" alt=\"\" srcset=\"https:\/\/guatemalacoffee.it\/wp-content\/uploads\/2023\/10\/manaus-busta-fronte.png 800w, https:\/\/guatemalacoffee.it\/wp-content\/uploads\/2023\/10\/manaus-busta-fronte-209x300.png 209w, https:\/\/guatemalacoffee.it\/wp-content\/uploads\/2023\/10\/manaus-busta-fronte-714x1024.png 714w, https:\/\/guatemalacoffee.it\/wp-content\/uploads\/2023\/10\/manaus-busta-fronte-768x1101.png 768w, https:\/\/guatemalacoffee.it\/wp-content\/uploads\/2023\/10\/manaus-busta-fronte-600x860.png 600w\" sizes=\"(max-width: 800px) 100vw, 800px\" \/>\t\t\t\t\t\t\t\t\t\t\t<\/div>\n\t\t\t\t\t<\/div>\n\n\t\t<div class=\"box-text text-center\" >\n\t\t\t<div class=\"box-text-inner\">\n\t\t\t\t\n<a class=\"button primary is-larger expand\"  >\n    <span>MANAUS<\/span>\n  <\/a>\n\n<p>&nbsp;<\/p>\n<p style=\"text-align: center;\"><strong>Miscela di caff\u00e8 torrefatto in grani.<\/strong><\/p>\n<p>&nbsp;<\/p>\n<p style=\"text-align: center;\">Miscela di caff\u00e8 per uso professionale che pu\u00f2 essere utilizzato anche a casa. Ricca di corpo e gusto pensata secondo i principi della pi\u00f9 classica tradizione italiana. Forte e vigoroso ma allo stesso tempo equilibrato da una delicata persistenza di sentori di cacao amaro. Ottima la resa in tazza al bar con un corpo deciso e una crema persistente e ricca. Pensato per una clientela che predilige caff\u00e8 dal gusto deciso che non sacrifichino l\u2019aroma e i profumi dei caff\u00e8 pi\u00f9 delicati<\/p>\n<h3 style=\"text-align: center;\">Packaging&nbsp;<\/h3>\n<p style=\"text-align: center;\"><em>1000g<\/em><\/p>\n\t\t\t<\/div>\n\t\t<\/div>\n\t<\/div>\n\t\n\t\t<\/div>\n\t\t\t\t\t<\/div>\n\n\t\n\n\t<div id=\"col-1911697500\" class=\"col medium-4 small-12 large-4\"  >\n\t\t\t\t<div class=\"col-inner\"  >\n\t\t\t\n\t\t\t\n\t<div class=\"box has-hover   has-hover box-text-bottom\" >\n\n\t\t<div class=\"box-image\" >\n\t\t\t\t\t\t<div class=\"\" >\n\t\t\t\t<img loading=\"lazy\" decoding=\"async\" width=\"800\" height=\"1147\" src=\"https:\/\/guatemalacoffee.it\/wp-content\/uploads\/2023\/10\/miraflores-busta-fronte.png\" class=\"attachment- size-\" alt=\"\" srcset=\"https:\/\/guatemalacoffee.it\/wp-content\/uploads\/2023\/10\/miraflores-busta-fronte.png 800w, https:\/\/guatemalacoffee.it\/wp-content\/uploads\/2023\/10\/miraflores-busta-fronte-209x300.png 209w, https:\/\/guatemalacoffee.it\/wp-content\/uploads\/2023\/10\/miraflores-busta-fronte-714x1024.png 714w, https:\/\/guatemalacoffee.it\/wp-content\/uploads\/2023\/10\/miraflores-busta-fronte-768x1101.png 768w, https:\/\/guatemalacoffee.it\/wp-content\/uploads\/2023\/10\/miraflores-busta-fronte-600x860.png 600w\" sizes=\"(max-width: 800px) 100vw, 800px\" \/>\t\t\t\t\t\t\t\t\t\t\t<\/div>\n\t\t\t\t\t<\/div>\n\n\t\t<div class=\"box-text text-center\" >\n\t\t\t<div class=\"box-text-inner\">\n\t\t\t\t\n<a class=\"button primary is-larger expand\"  >\n    <span>MIRAFLORES<\/span>\n  <\/a>\n\n<p style=\"text-align: center;\"><strong>Miscela di caff\u00e8 torrefatto in grani.<\/strong><\/p>\n<p>&nbsp;<\/p>\n<p style=\"text-align: center;\">Prodotto di punta della nostra produzione, frutto di antica tradizione e costante attenzione nel processo di produzione. Pensato per un pubblico esigente e raffinato capace di cogliere le numerose sfumature di gusto presenti in questa preziosa miscela di caff\u00e8 del tipo arabica. L\u2019attenta tostatura artigianale delle singole variet\u00e0 di caff\u00e8 presenti e la sapiente miscelazione donano a questa miscela caratteristiche uniche. Pensato per un uso professionale esprime il meglio di s\u00e9 in tazza al bar. Pu\u00f2 essere gustato anche senza zucchero date le sue note aromatiche persistenti e la naturale dolcezza. Ottima resa anche in termini di cremosit\u00e0 e corposit\u00e0 che arricchiscono la particolare ricchezza del gusto.<\/p>\n<h3 style=\"text-align: center;\">Packaging&nbsp;<\/h3>\n<p style=\"text-align: center;\"><em>1000g<\/em><\/p>\n\t\t\t<\/div>\n\t\t<\/div>\n\t<\/div>\n\t\n\t\t<\/div>\n\t\t\t\t\t<\/div>\n\n\t\n\n\n\n<\/div>\n\t\t<\/div>\n\n\t\t\n<style>\n#section_68800835 {\n  padding-top: 30px;\n  padding-bottom: 30px;\n}\n<\/style>\n\t<\/section>\n\t\n\t<section class=\"section\" id=\"section_473623030\">\n\t\t<div class=\"bg section-bg fill bg-fill  \" >\n\n\t\t\t\n\t\t\t\n\t\t\t\n\n\t\t<\/div>\n\n\t\t<div class=\"section-content relative\">\n\t\t\t\n\t\t<\/div>\n\n\t\t\n<style>\n#section_473623030 {\n  padding-top: 30px;\n  padding-bottom: 30px;\n  min-height: 400px;\n}\n#section_473623030 .section-bg.bg-loaded {\n  background-image: url(https:\/\/guatemalacoffee.it\/wp-content\/uploads\/2022\/12\/Antigua-bar.jpg);\n}\n#section_473623030 .section-bg {\n  background-position: 58% 43%;\n}\n<\/style>\n\t<\/section>\n\t\n\t<section class=\"section\" id=\"section_1209026438\">\n\t\t<div class=\"bg section-bg fill bg-fill  bg-loaded\" >\n\n\t\t\t\n\t\t\t\n\t\t\t\n\n\t\t<\/div>\n\n\t\t<div class=\"section-content relative\">\n\t\t\t\n<div class=\"row\"  id=\"row-593456428\">\n\n\t<div id=\"col-759763525\" class=\"col medium-4 small-12 large-4\"  >\n\t\t\t\t<div class=\"col-inner\"  >\n\t\t\t\n\t\t\t\n\t<div id=\"gap-364246731\" class=\"gap-element clearfix hide-for-small\" style=\"display:block; height:auto;\">\n\t\t\n<style>\n#gap-364246731 {\n  padding-top: 75px;\n}\n<\/style>\n\t<\/div>\n\t\n<div class=\"container section-title-container\" ><h1 class=\"section-title section-title-bold\"><b><\/b><span class=\"section-title-main\" >Linea Antigua bar<\/span><b><\/b><\/h1><\/div>\n\t\t<\/div>\n\t\t\t\t\t<\/div>\n\n\t\n\n\t<div id=\"col-2085880858\" class=\"col medium-4 small-12 large-4\"  >\n\t\t\t\t<div class=\"col-inner\"  >\n\t\t\t\n\t\t\t\n\t<div class=\"box has-hover   has-hover box-text-bottom\" >\n\n\t\t<div class=\"box-image\" >\n\t\t\t\t\t\t<div class=\"\" >\n\t\t\t\t<img loading=\"lazy\" decoding=\"async\" width=\"800\" height=\"1147\" src=\"https:\/\/guatemalacoffee.it\/wp-content\/uploads\/2023\/10\/antigua-chiara-busta-fronte.png\" class=\"attachment-original size-original\" alt=\"\" srcset=\"https:\/\/guatemalacoffee.it\/wp-content\/uploads\/2023\/10\/antigua-chiara-busta-fronte.png 800w, https:\/\/guatemalacoffee.it\/wp-content\/uploads\/2023\/10\/antigua-chiara-busta-fronte-209x300.png 209w, https:\/\/guatemalacoffee.it\/wp-content\/uploads\/2023\/10\/antigua-chiara-busta-fronte-714x1024.png 714w, https:\/\/guatemalacoffee.it\/wp-content\/uploads\/2023\/10\/antigua-chiara-busta-fronte-768x1101.png 768w, https:\/\/guatemalacoffee.it\/wp-content\/uploads\/2023\/10\/antigua-chiara-busta-fronte-600x860.png 600w\" sizes=\"(max-width: 800px) 100vw, 800px\" \/>\t\t\t\t\t\t\t\t\t\t\t<\/div>\n\t\t\t\t\t<\/div>\n\n\t\t<div class=\"box-text text-center\" >\n\t\t\t<div class=\"box-text-inner\">\n\t\t\t\t\n<a class=\"button primary is-larger expand\"  >\n    <span>BRAHMA<\/span>\n  <\/a>\n\n<p>&nbsp;<\/p>\n<p style=\"text-align: center;\"><strong>Miscela di caff\u00e8 torrefatto in grani.<\/p>\n<p><\/strong><\/p>\n<p style=\"text-align: center;\">Linea Antigua gusto classico. Miscela di caff\u00e8 pregiati e tostati per singola origine. Al top della qualit\u00e0, raffinata ed equilibrata. Pensata per una clientela professionale ed esigente. Le tipologie di caff\u00e8 di cui si compone, la selezione accurata dei chicchi e il particolare processo di produzione sono il frutto di anni di esperienza e sperimentazione. Pensata per offrire il meglio della qualit\u00e0 senza compromessi. Da utilizzarsi in ambito strettamente professionale con l&#8217;utilizzo di macchine, preferibilmente a leva, capaci di estrarre ed esaltarne tutte le preziose caratteristiche.<\/p>\n<h3 style=\"text-align: center;\">Packaging&nbsp;<\/h3>\n<p style=\"text-align: center;\">1000g<\/p>\n\t\t\t<\/div>\n\t\t<\/div>\n\t<\/div>\n\t\n\t\t<\/div>\n\t\t\t\t\t<\/div>\n\n\t\n\n\t<div id=\"col-70796688\" class=\"col medium-4 small-12 large-4\"  >\n\t\t\t\t<div class=\"col-inner\"  >\n\t\t\t\n\t\t\t\n\t<div class=\"box has-hover   has-hover box-text-bottom\" >\n\n\t\t<div class=\"box-image\" >\n\t\t\t\t\t\t<div class=\"\" >\n\t\t\t\t<img loading=\"lazy\" decoding=\"async\" width=\"800\" height=\"1147\" src=\"https:\/\/guatemalacoffee.it\/wp-content\/uploads\/2023\/10\/antigua-scura-busta-fronte.png\" class=\"attachment-original size-original\" alt=\"\" srcset=\"https:\/\/guatemalacoffee.it\/wp-content\/uploads\/2023\/10\/antigua-scura-busta-fronte.png 800w, https:\/\/guatemalacoffee.it\/wp-content\/uploads\/2023\/10\/antigua-scura-busta-fronte-209x300.png 209w, https:\/\/guatemalacoffee.it\/wp-content\/uploads\/2023\/10\/antigua-scura-busta-fronte-714x1024.png 714w, https:\/\/guatemalacoffee.it\/wp-content\/uploads\/2023\/10\/antigua-scura-busta-fronte-768x1101.png 768w, https:\/\/guatemalacoffee.it\/wp-content\/uploads\/2023\/10\/antigua-scura-busta-fronte-600x860.png 600w\" sizes=\"(max-width: 800px) 100vw, 800px\" \/>\t\t\t\t\t\t\t\t\t\t\t<\/div>\n\t\t\t\t\t<\/div>\n\n\t\t<div class=\"box-text text-center\" >\n\t\t\t<div class=\"box-text-inner\">\n\t\t\t\t\n<a class=\"button primary is-larger expand\"  >\n    <span>GANESHA<\/span>\n  <\/a>\n\n<p>&nbsp;<\/p>\n<p style=\"text-align: center;\"><strong>Miscela di caff\u00e8 torrefatto in grani.<\/strong><\/p>\n<p>&nbsp;<\/p>\n<p style=\"text-align: center;\">Linea Antigua gusto intenso. Miscela di caff\u00e8 pregiati e tostati per singola origine. Caratterizzata da una tostatura leggermente pi\u00f9 scura e da un gusto pi\u00f9 deciso. Pensata per una clientela professionale che predilige una tostatura pi\u00f9 spinta. Un mix accurato di provenienze e caratteristiche del caff\u00e8 verde unite a un\u2019attenta tostatura consentono di offrire un\u2019ottima resa in tazza. Da utilizzarsi in ambito strettamente professionale con l&#8217;utilizzo di macchine, preferibilmente a leva, capaci di estrarre ed esaltarne tutte le preziose caratteristiche.<\/p>\n<h3 style=\"text-align: center;\">Packaging&nbsp;<\/h3>\n<p style=\"text-align: center;\">1000g<\/p>\n\t\t\t<\/div>\n\t\t<\/div>\n\t<\/div>\n\t\n\t\t<\/div>\n\t\t\t\t\t<\/div>\n\n\t\n<\/div>\n\t\t<\/div>\n\n\t\t\n<style>\n#section_1209026438 {\n  padding-top: 30px;\n  padding-bottom: 30px;\n}\n<\/style>\n\t<\/section>\n\t","protected":false},"excerpt":{"rendered":"","protected":false},"author":2,"featured_media":0,"parent":0,"menu_order":0,"comment_status":"closed","ping_status":"closed","template":"page-blank.php","meta":{"footnotes":""},"class_list":["post-64","page","type-page","status-publish","hentry"],"_links":{"self":[{"href":"https:\/\/guatemalacoffee.it\/index.php\/wp-json\/wp\/v2\/pages\/64"}],"collection":[{"href":"https:\/\/guatemalacoffee.it\/index.php\/wp-json\/wp\/v2\/pages"}],"about":[{"href":"https:\/\/guatemalacoffee.it\/index.php\/wp-json\/wp\/v2\/types\/page"}],"author":[{"embeddable":true,"href":"https:\/\/guatemalacoffee.it\/index.php\/wp-json\/wp\/v2\/users\/2"}],"replies":[{"embeddable":true,"href":"https:\/\/guatemalacoffee.it\/index.php\/wp-json\/wp\/v2\/comments?post=64"}],"version-history":[{"count":37,"href":"https:\/\/guatemalacoffee.it\/index.php\/wp-json\/wp\/v2\/pages\/64\/revisions"}],"predecessor-version":[{"id":398,"href":"https:\/\/guatemalacoffee.it\/index.php\/wp-json\/wp\/v2\/pages\/64\/revisions\/398"}],"wp:attachment":[{"href":"https:\/\/guatemalacoffee.it\/index.php\/wp-json\/wp\/v2\/media?parent=64"}],"curies":[{"name":"wp","href":"https:\/\/api.w.org\/{rel}","templated":true}]}}